{"id":79,"date":"2017-12-27T13:53:24","date_gmt":"2017-12-27T12:53:24","guid":{"rendered":"http:\/\/www.infofax.fr\/?page_id=79"},"modified":"2018-01-03T22:25:33","modified_gmt":"2018-01-03T21:25:33","slug":"je-vous-accompagne","status":"publish","type":"page","link":"https:\/\/www.infofax.fr\/index.php\/je-vous-accompagne\/","title":{"rendered":"Je vous accompagne"},"content":{"rendered":"<ul>\n<li>Cr\u00e9ation de curriculum-vitae.\n<p><figure id=\"attachment_92\" aria-describedby=\"caption-attachment-92\" style=\"width: 300px\" class=\"wp-caption alignright\"><img loading=\"lazy\" decoding=\"async\" class=\"wp-image-92 size-medium\" src=\"http:\/\/www.infofax.fr\/wp-content\/uploads\/2017\/11\/danielcv-300x225.jpg\" alt=\"\" width=\"300\" height=\"225\" srcset=\"https:\/\/www.infofax.fr\/wp-content\/uploads\/2017\/11\/danielcv-300x225.jpg 300w, https:\/\/www.infofax.fr\/wp-content\/uploads\/2017\/11\/danielcv-768x576.jpg 768w, https:\/\/www.infofax.fr\/wp-content\/uploads\/2017\/11\/danielcv-1024x768.jpg 1024w\" sizes=\"(max-width: 300px) 100vw, 300px\" \/><figcaption id=\"caption-attachment-92\" class=\"wp-caption-text\">Je vous rencontre dans la r\u00e9gion de Toulouse<\/figcaption><\/figure><\/li>\n<li>R\u00e9daction de lettre de motivation.<\/li>\n<li>Projet personnel ou professionnel : cr\u00e9ation d\u2019entreprise, orientation, recherche d\u2019emploi&#8230;<\/li>\n<li>Pr\u00e9paration \u00e0 un concours ou un examen.<\/li>\n<li>Accompagnement VAE (en cas d\u2019impossibilit\u00e9 avec votre certificateur) en pr\u00e9sentiel ou \u00e0 distance.<\/li>\n<li>R\u00e9daction de courriers divers : administration, personnels&#8230;<\/li>\n<\/ul>\n<p><i>Je suis \u00e0 vos c\u00f4t\u00e9s pour vous \u00e9couter, vous questionner, reformuler. <\/i><\/p>\n<p><i>Je vous apporte des outils simples et pratiques pour vous faire avancer dans votre projet.<\/i><\/p>\n","protected":false},"excerpt":{"rendered":"<p>Cr\u00e9ation de curriculum-vitae. R\u00e9daction de lettre de motivation. Projet personnel ou professionnel : cr\u00e9ation d\u2019entreprise, orientation, recherche d\u2019emploi&#8230; Pr\u00e9paration \u00e0 un concours ou un examen. Accompagnement VAE (en cas d\u2019impossibilit\u00e9 <a href=\"https:\/\/www.infofax.fr\/index.php\/je-vous-accompagne\/\" class=\"read-more button-fancy -red\"><span class=\"btn-arrow\"><\/span><span class=\"twp-read-more text\">Continuer la lecture<\/span><\/a><\/p>\n","protected":false},"author":1,"featured_media":0,"parent":0,"menu_order":2,"comment_status":"closed","ping_status":"closed","template":"","meta":{"footnotes":""},"_links":{"self":[{"href":"https:\/\/www.infofax.fr\/index.php\/wp-json\/wp\/v2\/pages\/79"}],"collection":[{"href":"https:\/\/www.infofax.fr\/index.php\/wp-json\/wp\/v2\/pages"}],"about":[{"href":"https:\/\/www.infofax.fr\/index.php\/wp-json\/wp\/v2\/types\/page"}],"author":[{"embeddable":true,"href":"https:\/\/www.infofax.fr\/index.php\/wp-json\/wp\/v2\/users\/1"}],"replies":[{"embeddable":true,"href":"https:\/\/www.infofax.fr\/index.php\/wp-json\/wp\/v2\/comments?post=79"}],"version-history":[{"count":9,"href":"https:\/\/www.infofax.fr\/index.php\/wp-json\/wp\/v2\/pages\/79\/revisions"}],"predecessor-version":[{"id":217,"href":"https:\/\/www.infofax.fr\/index.php\/wp-json\/wp\/v2\/pages\/79\/revisions\/217"}],"wp:attachment":[{"href":"https:\/\/www.infofax.fr\/index.php\/wp-json\/wp\/v2\/media?parent=79"}],"curies":[{"name":"wp","href":"https:\/\/api.w.org\/{rel}","templated":true}]}}