{"id":2,"date":"2017-11-12T15:35:18","date_gmt":"2017-11-12T14:35:18","guid":{"rendered":"http:\/\/www.infofax.fr\/?page_id=2"},"modified":"2022-10-25T16:03:41","modified_gmt":"2022-10-25T14:03:41","slug":"page-d-exemple","status":"publish","type":"page","link":"https:\/\/www.infofax.fr\/index.php\/page-d-exemple\/","title":{"rendered":"Daniel LACAILLE"},"content":{"rendered":"<div class=\"wp-block-image\">\n<figure class=\"aligncenter size-large is-resized\"><img loading=\"lazy\" decoding=\"async\" src=\"http:\/\/www.infofax.fr\/wp-content\/uploads\/2017\/11\/danielcv-1024x768.jpg\" alt=\"\" class=\"wp-image-92\" width=\"383\" height=\"287\" srcset=\"https:\/\/www.infofax.fr\/wp-content\/uploads\/2017\/11\/danielcv-1024x768.jpg 1024w, https:\/\/www.infofax.fr\/wp-content\/uploads\/2017\/11\/danielcv-300x225.jpg 300w, https:\/\/www.infofax.fr\/wp-content\/uploads\/2017\/11\/danielcv-768x576.jpg 768w\" sizes=\"(max-width: 383px) 100vw, 383px\" \/><\/figure><\/div>\n\n\n<p class=\"has-drop-cap\">Je suis install\u00e9 \u00e0 Toulouse. R\u00e9dacteur, entrepreneur, formateur&#8230; J&rsquo;ai travaill\u00e9 dans de nombreuses structures, souvent salari\u00e9 et \u00e0 mon compte en m\u00eame temps : Agence de d\u00e9veloppement \u00e9conomique, ANPE, \u00c9ducation Nationale, Centre r\u00e9gional de gestion, Chambre de M\u00e9tiers, compagnies de th\u00e9\u00e2tre, Un bureau sur la Terre, Associations d&rsquo;insertion, commer\u00e7ant sur internet, collectivit\u00e9s territoriales&#8230; Depuis 2017, je suis Charg\u00e9 de mission VAE et r\u00e9seaux sociaux au sein de l&rsquo;\u00c9ducation Nationale.<\/p>\n\n\n\n<ul><li>Je suis <strong>r\u00e9dacteur et blogueur<\/strong>. Je m\u2019adapte \u00e0 vos besoins d\u2019information et de communication.<\/li><li>Je suis \u00e0 vos c\u00f4t\u00e9s pour vous <strong>\u00e9couter<\/strong>, vous <strong>questionner<\/strong>, <strong>reformuler<\/strong>.<\/li><li>Je vous apporte des outils simples et pratiques pour <strong>vous faire avancer dans votre projet<\/strong>.<\/li><li>En formation, je vous permets d\u2019<strong>acc\u00e9der \u00e0 une \u00e9criture courte et dense<\/strong>, r\u00e9f\u00e9renc\u00e9e, adapt\u00e9e aux r\u00e9seaux sociaux (blog, facebook, twitter&#8230;) et \u00e0 tous vos supports.<\/li><\/ul>\n\n\n\n<p><\/p>\n\n\n\n<p><strong>Daniel LACAILLE<\/strong><\/p>\n\n\n\n<p>Formateur ind\u00e9pendant en Fran\u00e7ais<\/p>\n\n\n\n<p><strong>contact@infofax.fr<\/strong><\/p>\n\n\n\n<p><em>DEVIS SUR DEMANDE<\/em><\/p>\n\n\n\n<p><em>InfoF@X.fr est une micro-entreprise affili\u00e9e \u00e0 l&rsquo;URSSAF Midi-Pyr\u00e9n\u00e9es, r\u00e9pertori\u00e9e \u00e0 l&rsquo;INSEE sous le code APE 8559B<\/em><\/p>\n","protected":false},"excerpt":{"rendered":"<p>Je suis install\u00e9 \u00e0 Toulouse. R\u00e9dacteur, entrepreneur, formateur&#8230; J&rsquo;ai travaill\u00e9 dans de nombreuses structures, souvent salari\u00e9 et \u00e0 mon compte en m\u00eame temps : Agence de d\u00e9veloppement \u00e9conomique, ANPE, \u00c9ducation <a href=\"https:\/\/www.infofax.fr\/index.php\/page-d-exemple\/\" class=\"read-more button-fancy -red\"><span class=\"btn-arrow\"><\/span><span class=\"twp-read-more text\">Continuer la lecture<\/span><\/a><\/p>\n","protected":false},"author":1,"featured_media":0,"parent":0,"menu_order":0,"comment_status":"closed","ping_status":"open","template":"","meta":{"footnotes":""},"_links":{"self":[{"href":"https:\/\/www.infofax.fr\/index.php\/wp-json\/wp\/v2\/pages\/2"}],"collection":[{"href":"https:\/\/www.infofax.fr\/index.php\/wp-json\/wp\/v2\/pages"}],"about":[{"href":"https:\/\/www.infofax.fr\/index.php\/wp-json\/wp\/v2\/types\/page"}],"author":[{"embeddable":true,"href":"https:\/\/www.infofax.fr\/index.php\/wp-json\/wp\/v2\/users\/1"}],"replies":[{"embeddable":true,"href":"https:\/\/www.infofax.fr\/index.php\/wp-json\/wp\/v2\/comments?post=2"}],"version-history":[{"count":35,"href":"https:\/\/www.infofax.fr\/index.php\/wp-json\/wp\/v2\/pages\/2\/revisions"}],"predecessor-version":[{"id":261,"href":"https:\/\/www.infofax.fr\/index.php\/wp-json\/wp\/v2\/pages\/2\/revisions\/261"}],"wp:attachment":[{"href":"https:\/\/www.infofax.fr\/index.php\/wp-json\/wp\/v2\/media?parent=2"}],"curies":[{"name":"wp","href":"https:\/\/api.w.org\/{rel}","templated":true}]}}